{"id":332,"date":"2020-08-30T16:48:15","date_gmt":"2020-08-30T16:48:15","guid":{"rendered":"http:\/\/guerreroesprimero.org.mx\/?page_id=332"},"modified":"2025-03-26T20:00:07","modified_gmt":"2025-03-26T20:00:07","slug":"pagina-formacion-de-participantes","status":"publish","type":"page","link":"http:\/\/guerreroesprimero.org.mx\/?page_id=332","title":{"rendered":"Formaci\u00f3n de Participantes"},"content":{"rendered":"\t\t<div data-elementor-type=\"wp-page\" data-elementor-id=\"332\" class=\"elementor elementor-332\" data-elementor-post-type=\"page\">\n\t\t\t\t\t\t<section class=\"elementor-section elementor-top-section elementor-element elementor-element-8475539 elementor-section-boxed elementor-section-height-default elementor-section-height-default\" data-id=\"8475539\" data-element_type=\"section\">\n\t\t\t\t\t\t<div class=\"elementor-container elementor-column-gap-default\">\n\t\t\t\t\t<div class=\"elementor-column elementor-col-100 elementor-top-column elementor-element elementor-element-76fc7f7\" data-id=\"76fc7f7\" data-element_type=\"column\">\n\t\t\t<div class=\"elementor-widget-wrap elementor-element-populated\">\n\t\t\t\t\t\t<div class=\"elementor-element elementor-element-b586727 elementor-widget elementor-widget-text-editor\" data-id=\"b586727\" data-element_type=\"widget\" data-widget_type=\"text-editor.default\">\n\t\t\t\t<div class=\"elementor-widget-container\">\n\t\t\t\t\t\t\t\t\t<h4 style=\"text-align: center;\"><span style=\"color: #bb047a;\" data-darkreader-inline-color=\"\"><strong>Formaci\u00f3n de participantes<\/strong><\/span><\/h4>\t\t\t\t\t\t\t\t<\/div>\n\t\t\t\t<\/div>\n\t\t\t\t\t<\/div>\n\t\t<\/div>\n\t\t\t\t\t<\/div>\n\t\t<\/section>\n\t\t\t\t<section class=\"elementor-section elementor-top-section elementor-element elementor-element-1c6e42d elementor-section-boxed elementor-section-height-default elementor-section-height-default\" data-id=\"1c6e42d\" data-element_type=\"section\">\n\t\t\t\t\t\t<div class=\"elementor-container elementor-column-gap-default\">\n\t\t\t\t\t<div class=\"elementor-column elementor-col-50 elementor-top-column elementor-element elementor-element-3b5f2d3\" data-id=\"3b5f2d3\" data-element_type=\"column\">\n\t\t\t<div class=\"elementor-widget-wrap elementor-element-populated\">\n\t\t\t\t\t\t<div class=\"elementor-element elementor-element-ac80250 elementor-widget elementor-widget-image\" data-id=\"ac80250\" data-element_type=\"widget\" data-widget_type=\"image.default\">\n\t\t\t\t<div class=\"elementor-widget-container\">\n\t\t\t\t\t\t\t\t\t\t\t\t\t\t\t<img fetchpriority=\"high\" decoding=\"async\" width=\"1536\" height=\"747\" src=\"http:\/\/guerreroesprimero.org.mx\/wp-content\/uploads\/2020\/08\/20181124_133645-1536x747.jpg\" class=\"attachment-1536x1536 size-1536x1536 wp-image-336\" alt=\"\" srcset=\"http:\/\/guerreroesprimero.org.mx\/wp-content\/uploads\/2020\/08\/20181124_133645-1536x747.jpg 1536w, http:\/\/guerreroesprimero.org.mx\/wp-content\/uploads\/2020\/08\/20181124_133645-300x146.jpg 300w, http:\/\/guerreroesprimero.org.mx\/wp-content\/uploads\/2020\/08\/20181124_133645-1024x498.jpg 1024w, http:\/\/guerreroesprimero.org.mx\/wp-content\/uploads\/2020\/08\/20181124_133645-768x373.jpg 768w, http:\/\/guerreroesprimero.org.mx\/wp-content\/uploads\/2020\/08\/20181124_133645-2048x996.jpg 2048w\" sizes=\"(max-width: 1536px) 100vw, 1536px\" \/>\t\t\t\t\t\t\t\t\t\t\t\t\t\t\t<\/div>\n\t\t\t\t<\/div>\n\t\t\t\t\t<\/div>\n\t\t<\/div>\n\t\t\t\t<div class=\"elementor-column elementor-col-50 elementor-top-column elementor-element elementor-element-851acb1\" data-id=\"851acb1\" data-element_type=\"column\">\n\t\t\t<div class=\"elementor-widget-wrap elementor-element-populated\">\n\t\t\t\t\t\t<div class=\"elementor-element elementor-element-321e507 elementor-widget elementor-widget-image\" data-id=\"321e507\" data-element_type=\"widget\" data-widget_type=\"image.default\">\n\t\t\t\t<div class=\"elementor-widget-container\">\n\t\t\t\t\t\t\t\t\t\t\t\t\t\t\t<img decoding=\"async\" width=\"1536\" height=\"747\" src=\"http:\/\/guerreroesprimero.org.mx\/wp-content\/uploads\/2020\/08\/20181124_122721-1536x747.jpg\" class=\"attachment-1536x1536 size-1536x1536 wp-image-335\" alt=\"\" srcset=\"http:\/\/guerreroesprimero.org.mx\/wp-content\/uploads\/2020\/08\/20181124_122721-1536x747.jpg 1536w, http:\/\/guerreroesprimero.org.mx\/wp-content\/uploads\/2020\/08\/20181124_122721-300x146.jpg 300w, http:\/\/guerreroesprimero.org.mx\/wp-content\/uploads\/2020\/08\/20181124_122721-1024x498.jpg 1024w, http:\/\/guerreroesprimero.org.mx\/wp-content\/uploads\/2020\/08\/20181124_122721-768x373.jpg 768w, http:\/\/guerreroesprimero.org.mx\/wp-content\/uploads\/2020\/08\/20181124_122721-2048x996.jpg 2048w\" sizes=\"(max-width: 1536px) 100vw, 1536px\" \/>\t\t\t\t\t\t\t\t\t\t\t\t\t\t\t<\/div>\n\t\t\t\t<\/div>\n\t\t\t\t\t<\/div>\n\t\t<\/div>\n\t\t\t\t\t<\/div>\n\t\t<\/section>\n\t\t\t\t<section class=\"elementor-section elementor-top-section elementor-element elementor-element-3cedd69 elementor-section-boxed elementor-section-height-default elementor-section-height-default\" data-id=\"3cedd69\" data-element_type=\"section\">\n\t\t\t\t\t\t<div class=\"elementor-container elementor-column-gap-default\">\n\t\t\t\t\t<div class=\"elementor-column elementor-col-100 elementor-top-column elementor-element elementor-element-8b76613\" data-id=\"8b76613\" data-element_type=\"column\">\n\t\t\t<div class=\"elementor-widget-wrap elementor-element-populated\">\n\t\t\t\t\t\t<div class=\"elementor-element elementor-element-8c04991 elementor-widget elementor-widget-text-editor\" data-id=\"8c04991\" data-element_type=\"widget\" data-widget_type=\"text-editor.default\">\n\t\t\t\t<div class=\"elementor-widget-container\">\n\t\t\t\t\t\t\t\t\t<p style=\"text-align: justify;\"><span style=\"color: #000000;\">Con el fin de empoderar a las v\u00edctimas de violaciones a derechos humanos, y en el marco del respeto a la dignidad y los derechos huma\u00adnos de la persona en situaci\u00f3n de victimizaci\u00f3n, la CNDH, Guerrero es Primero y el Instituto de Educaci\u00f3n para la Paz de Morelos llevaron a cabo el diplomado \u201cConstrucci\u00f3n de paz y atenci\u00f3n a v\u00edctimas\u201d, dirigido a los integrantes de Los Otros Desaparecidos de Iguala.<\/span><\/p><p style=\"text-align: justify;\"><span lang=\"ES-MX\" style=\"font-family: Calibri, sans-serif; color: #000000;\">El diplomado de m\u00e9rito se llev\u00f3 a cabo en el segundo semestre de 2016, con el objetivo de fortalecer las capacidades y la organiza\u00adci\u00f3n de actores locales, principalmente de Iguala pero tambi\u00e9n de diferentes regiones de Guerrero que est\u00e1n desarrollando un trabajo en torno a la atenci\u00f3n de la violencia. <\/span><\/p><p style=\"text-align: justify;\"><span lang=\"ES\" style=\"color: #000000;\">El proceso formativo, aunque fue un proceso acad\u00e9mico formal, se plante\u00f3 con una metodolog\u00eda participativa, pensado desde una perspectiva comunitaria con la finalidad de incidir socialmente y fortalecer los procesos organizativos con herramientas de gesti\u00f3n.<\/span><\/p><p style=\"text-align: justify;\"><span style=\"color: #000000;\"><span lang=\"ES\">Asimismo, ya se ha hecho menci\u00f3n de un taller con Adam Kahane, del diplomado en ciudadan\u00eda, construcci\u00f3n de paz y pol\u00edticas p\u00fablicas con el Proyecto Polo, as\u00ed como del diplomado \u201cFormaci\u00f3n <\/span><span lang=\"ES\">en derechos humanos del servidor p\u00fablico en el sector salud\u201d.<\/span><\/span><\/p><p><span style=\"color: #bb047a;\"><strong><span lang=\"ES\">Curso de formaci\u00f3n de l\u00edderes para la defensa de los derechos humanos <\/span><\/strong><\/span><\/p><p style=\"text-align: justify;\"><span style=\"color: #000000;\"><span lang=\"ES\">El curso virtual presentado por Nosotrxs en conjunto con la CNDH, fue dirigido a 15 actores locales j\u00f3venes de Guerrero, con el prop\u00f3sito de fortalecer sus capacidades a trav\u00e9s de la apropiaci\u00f3n de conocimiento te\u00f3rico y habilidades para incidir y exigir colectivamente el respeto a los derechos humanos de las comunidades<\/span><span lang=\"ES\">.\u00a0<\/span><\/span><\/p>\t\t\t\t\t\t\t\t<\/div>\n\t\t\t\t<\/div>\n\t\t\t\t\t<\/div>\n\t\t<\/div>\n\t\t\t\t\t<\/div>\n\t\t<\/section>\n\t\t\t\t<\/div>\n\t\t","protected":false},"excerpt":{"rendered":"<p>Formaci\u00f3n de participantes Con el fin de empoderar a las v\u00edctimas de violaciones a derechos humanos, y en el marco del respeto a la dignidad y los derechos huma\u00adnos de la persona en situaci\u00f3n de victimizaci\u00f3n, la CNDH, Guerrero es Primero y el Instituto de Educaci\u00f3n para la Paz de Morelos llevaron a cabo el [&hellip;]<\/p>\n","protected":false},"author":3,"featured_media":0,"parent":162,"menu_order":8,"comment_status":"closed","ping_status":"closed","template":"","meta":{"site-sidebar-layout":"no-sidebar","site-content-layout":"page-builder","ast-site-content-layout":"","site-content-style":"default","site-sidebar-style":"default","ast-global-header-display":"","ast-banner-title-visibility":"","ast-main-header-display":"","ast-hfb-above-header-display":"","ast-hfb-below-header-display":"","ast-hfb-mobile-header-display":"","site-post-title":"disabled","ast-breadcrumbs-content":"","ast-featured-img":"disabled","footer-sml-layout":"","theme-transparent-header-meta":"default","adv-header-id-meta":"","stick-header-meta":"","header-above-stick-meta":"","header-main-stick-meta":"","header-below-stick-meta":"","astra-migrate-meta-layouts":"default","ast-page-background-enabled":"default","ast-page-background-meta":{"desktop":{"background-color":"var(--ast-global-color-4)","background-image":"","background-repeat":"repeat","background-position":"center center","background-size":"auto","background-attachment":"scroll","background-type":"","background-media":"","overlay-type":"","overlay-color":"","overlay-opacity":"","overlay-gradient":""},"tablet":{"background-color":"","background-image":"","background-repeat":"repeat","background-position":"center center","background-size":"auto","background-attachment":"scroll","background-type":"","background-media":"","overlay-type":"","overlay-color":"","overlay-opacity":"","overlay-gradient":""},"mobile":{"background-color":"","background-image":"","background-repeat":"repeat","background-position":"center center","background-size":"auto","background-attachment":"scroll","background-type":"","background-media":"","overlay-type":"","overlay-color":"","overlay-opacity":"","overlay-gradient":""}},"ast-content-background-meta":{"desktop":{"background-color":"var(--ast-global-color-5)","background-image":"","background-repeat":"repeat","background-position":"center center","background-size":"auto","background-attachment":"scroll","background-type":"","background-media":"","overlay-type":"","overlay-color":"","overlay-opacity":"","overlay-gradient":""},"tablet":{"background-color":"var(--ast-global-color-5)","background-image":"","background-repeat":"repeat","background-position":"center center","background-size":"auto","background-attachment":"scroll","background-type":"","background-media":"","overlay-type":"","overlay-color":"","overlay-opacity":"","overlay-gradient":""},"mobile":{"background-color":"var(--ast-global-color-5)","background-image":"","background-repeat":"repeat","background-position":"center center","background-size":"auto","background-attachment":"scroll","background-type":"","background-media":"","overlay-type":"","overlay-color":"","overlay-opacity":"","overlay-gradient":""}},"footnotes":""},"class_list":["post-332","page","type-page","status-publish","hentry"],"_links":{"self":[{"href":"http:\/\/guerreroesprimero.org.mx\/index.php?rest_route=\/wp\/v2\/pages\/332","targetHints":{"allow":["GET"]}}],"collection":[{"href":"http:\/\/guerreroesprimero.org.mx\/index.php?rest_route=\/wp\/v2\/pages"}],"about":[{"href":"http:\/\/guerreroesprimero.org.mx\/index.php?rest_route=\/wp\/v2\/types\/page"}],"author":[{"embeddable":true,"href":"http:\/\/guerreroesprimero.org.mx\/index.php?rest_route=\/wp\/v2\/users\/3"}],"replies":[{"embeddable":true,"href":"http:\/\/guerreroesprimero.org.mx\/index.php?rest_route=%2Fwp%2Fv2%2Fcomments&post=332"}],"version-history":[{"count":16,"href":"http:\/\/guerreroesprimero.org.mx\/index.php?rest_route=\/wp\/v2\/pages\/332\/revisions"}],"predecessor-version":[{"id":1739,"href":"http:\/\/guerreroesprimero.org.mx\/index.php?rest_route=\/wp\/v2\/pages\/332\/revisions\/1739"}],"up":[{"embeddable":true,"href":"http:\/\/guerreroesprimero.org.mx\/index.php?rest_route=\/wp\/v2\/pages\/162"}],"wp:attachment":[{"href":"http:\/\/guerreroesprimero.org.mx\/index.php?rest_route=%2Fwp%2Fv2%2Fmedia&parent=332"}],"curies":[{"name":"wp","href":"https:\/\/api.w.org\/{rel}","templated":true}]}}

Formación de Participantes

<div data-elementor-type="wp-page" data-elementor-id="332" class="elementor elementor-332" data-elementor-post-type="page">
						<section class="elementor-section elementor-top-section elementor-element elementor-element-8475539 elementor-section-boxed elementor-section-height-default elementor-section-height-default" data-id="8475539" data-element_type="section">
						<div class="elementor-container elementor-column-gap-default">
					<div class="elementor-column elementor-col-100 elementor-top-column elementor-element elementor-element-76fc7f7" data-id="76fc7f7" data-element_type="column">
			<div class="elementor-widget-wrap elementor-element-populated">
						<div class="elementor-element elementor-element-b586727 elementor-widget elementor-widget-text-editor" data-id="b586727" data-element_type="widget" data-widget_type="text-editor.default">
				<div class="elementor-widget-container">
									<h4 style="text-align: center;"><span style="color: #bb047a;" data-darkreader-inline-color=""><strong>Formación de participantes</strong></span></h4>								</div>
				</div>
					</div>
		</div>
					</div>
		</section>
				<section class="elementor-section elementor-top-section elementor-element elementor-element-1c6e42d elementor-section-boxed elementor-section-height-default elementor-section-height-default" data-id="1c6e42d" data-element_type="section">
						<div class="elementor-container elementor-column-gap-default">
					<div class="elementor-column elementor-col-50 elementor-top-column elementor-element elementor-element-3b5f2d3" data-id="3b5f2d3" data-element_type="column">
			<div class="elementor-widget-wrap elementor-element-populated">
						<div class="elementor-element elementor-element-ac80250 elementor-widget elementor-widget-image" data-id="ac80250" data-element_type="widget" data-widget_type="image.default">
				<div class="elementor-widget-container">
															<img fetchpriority="high" decoding="async" width="1536" height="747" src="http://guerreroesprimero.org.mx/wp-content/uploads/2020/08/20181124_133645-1536x747.jpg" class="attachment-1536x1536 size-1536x1536 wp-image-336" alt="" srcset="http://guerreroesprimero.org.mx/wp-content/uploads/2020/08/20181124_133645-1536x747.jpg 1536w, http://guerreroesprimero.org.mx/wp-content/uploads/2020/08/20181124_133645-300x146.jpg 300w, http://guerreroesprimero.org.mx/wp-content/uploads/2020/08/20181124_133645-1024x498.jpg 1024w, http://guerreroesprimero.org.mx/wp-content/uploads/2020/08/20181124_133645-768x373.jpg 768w, http://guerreroesprimero.org.mx/wp-content/uploads/2020/08/20181124_133645-2048x996.jpg 2048w" sizes="(max-width: 1536px) 100vw, 1536px" />															</div>
				</div>
					</div>
		</div>
				<div class="elementor-column elementor-col-50 elementor-top-column elementor-element elementor-element-851acb1" data-id="851acb1" data-element_type="column">
			<div class="elementor-widget-wrap elementor-element-populated">
						<div class="elementor-element elementor-element-321e507 elementor-widget elementor-widget-image" data-id="321e507" data-element_type="widget" data-widget_type="image.default">
				<div class="elementor-widget-container">
															<img decoding="async" width="1536" height="747" src="http://guerreroesprimero.org.mx/wp-content/uploads/2020/08/20181124_122721-1536x747.jpg" class="attachment-1536x1536 size-1536x1536 wp-image-335" alt="" srcset="http://guerreroesprimero.org.mx/wp-content/uploads/2020/08/20181124_122721-1536x747.jpg 1536w, http://guerreroesprimero.org.mx/wp-content/uploads/2020/08/20181124_122721-300x146.jpg 300w, http://guerreroesprimero.org.mx/wp-content/uploads/2020/08/20181124_122721-1024x498.jpg 1024w, http://guerreroesprimero.org.mx/wp-content/uploads/2020/08/20181124_122721-768x373.jpg 768w, http://guerreroesprimero.org.mx/wp-content/uploads/2020/08/20181124_122721-2048x996.jpg 2048w" sizes="(max-width: 1536px) 100vw, 1536px" />															</div>
				</div>
					</div>
		</div>
					</div>
		</section>
				<section class="elementor-section elementor-top-section elementor-element elementor-element-3cedd69 elementor-section-boxed elementor-section-height-default elementor-section-height-default" data-id="3cedd69" data-element_type="section">
						<div class="elementor-container elementor-column-gap-default">
					<div class="elementor-column elementor-col-100 elementor-top-column elementor-element elementor-element-8b76613" data-id="8b76613" data-element_type="column">
			<div class="elementor-widget-wrap elementor-element-populated">
						<div class="elementor-element elementor-element-8c04991 elementor-widget elementor-widget-text-editor" data-id="8c04991" data-element_type="widget" data-widget_type="text-editor.default">
				<div class="elementor-widget-container">
									<p style="text-align: justify;"><span style="color: #000000;">Con el fin de empoderar a las víctimas de violaciones a derechos humanos, y en el marco del respeto a la dignidad y los derechos huma­nos de la persona en situación de victimización, la CNDH, Guerrero es Primero y el Instituto de Educación para la Paz de Morelos llevaron a cabo el diplomado “Construcción de paz y atención a víctimas”, dirigido a los integrantes de Los Otros Desaparecidos de Iguala.</span></p><p style="text-align: justify;"><span lang="ES-MX" style="font-family: Calibri, sans-serif; color: #000000;">El diplomado de mérito se llevó a cabo en el segundo semestre de 2016, con el objetivo de fortalecer las capacidades y la organiza­ción de actores locales, principalmente de Iguala pero también de diferentes regiones de Guerrero que están desarrollando un trabajo en torno a la atención de la violencia. </span></p><p style="text-align: justify;"><span lang="ES" style="color: #000000;">El proceso formativo, aunque fue un proceso académico formal, se planteó con una metodología participativa, pensado desde una perspectiva comunitaria con la finalidad de incidir socialmente y fortalecer los procesos organizativos con herramientas de gestión.</span></p><p style="text-align: justify;"><span style="color: #000000;"><span lang="ES">Asimismo, ya se ha hecho mención de un taller con Adam Kahane, del diplomado en ciudadanía, construcción de paz y políticas públicas con el Proyecto Polo, así como del diplomado “Formación </span><span lang="ES">en derechos humanos del servidor público en el sector salud”.</span></span></p><p><span style="color: #bb047a;"><strong><span lang="ES">Curso de formación de líderes para la defensa de los derechos humanos </span></strong></span></p><p style="text-align: justify;"><span style="color: #000000;"><span lang="ES">El curso virtual presentado por Nosotrxs en conjunto con la CNDH, fue dirigido a 15 actores locales jóvenes de Guerrero, con el propósito de fortalecer sus capacidades a través de la apropiación de conocimiento teórico y habilidades para incidir y exigir colectivamente el respeto a los derechos humanos de las comunidades</span><span lang="ES">. </span></span></p>								</div>
				</div>
					</div>
		</div>
					</div>
		</section>
				</div>

<p>Formación de participantes Con el fin de empoderar a las víctimas de violaciones a derechos humanos, y en el marco del respeto a la dignidad y los derechos huma­nos de la persona en situación de victimización, la CNDH, Guerrero es Primero y el Instituto de Educación para la Paz de Morelos llevaron a cabo el [&hellip;]</p>
