{"id":324,"date":"2020-08-30T16:17:51","date_gmt":"2020-08-30T16:17:51","guid":{"rendered":"http:\/\/guerreroesprimero.org.mx\/?page_id=324"},"modified":"2026-01-29T16:31:34","modified_gmt":"2026-01-29T16:31:34","slug":"pagina-fundacion-para-la-paz","status":"publish","type":"page","link":"http:\/\/guerreroesprimero.org.mx\/?page_id=324","title":{"rendered":"Fundaci\u00f3n para la Paz"},"content":{"rendered":"\t\t<div data-elementor-type=\"wp-page\" data-elementor-id=\"324\" class=\"elementor elementor-324\" data-elementor-post-type=\"page\">\n\t\t\t\t\t\t<section class=\"elementor-section elementor-top-section elementor-element elementor-element-8475539 elementor-section-boxed elementor-section-height-default elementor-section-height-default\" data-id=\"8475539\" data-element_type=\"section\">\n\t\t\t\t\t\t<div class=\"elementor-container elementor-column-gap-default\">\n\t\t\t\t\t<div class=\"elementor-column elementor-col-100 elementor-top-column elementor-element elementor-element-76fc7f7\" data-id=\"76fc7f7\" data-element_type=\"column\">\n\t\t\t<div class=\"elementor-widget-wrap elementor-element-populated\">\n\t\t\t\t\t\t<div class=\"elementor-element elementor-element-b586727 elementor-widget elementor-widget-text-editor\" data-id=\"b586727\" data-element_type=\"widget\" data-widget_type=\"text-editor.default\">\n\t\t\t\t<div class=\"elementor-widget-container\">\n\t\t\t\t\t\t\t\t\t<h4 style=\"text-align: center;\"><span style=\"color: #bb047a;\" data-darkreader-inline-color=\"\"><strong>Fundaci\u00f3n para la Paz en Guerrero, A. C.<\/strong><\/span><\/h4>\t\t\t\t\t\t\t\t<\/div>\n\t\t\t\t<\/div>\n\t\t\t\t\t<\/div>\n\t\t<\/div>\n\t\t\t\t\t<\/div>\n\t\t<\/section>\n\t\t\t\t<section class=\"elementor-section elementor-top-section elementor-element elementor-element-3cedd69 elementor-section-boxed elementor-section-height-default elementor-section-height-default\" data-id=\"3cedd69\" data-element_type=\"section\">\n\t\t\t\t\t\t<div class=\"elementor-container elementor-column-gap-default\">\n\t\t\t\t\t<div class=\"elementor-column elementor-col-100 elementor-top-column elementor-element elementor-element-8b76613\" data-id=\"8b76613\" data-element_type=\"column\">\n\t\t\t<div class=\"elementor-widget-wrap elementor-element-populated\">\n\t\t\t\t\t\t<div class=\"elementor-element elementor-element-8c04991 elementor-widget elementor-widget-text-editor\" data-id=\"8c04991\" data-element_type=\"widget\" data-widget_type=\"text-editor.default\">\n\t\t\t\t<div class=\"elementor-widget-container\">\n\t\t\t\t\t\t\t\t\t<p>Fue creada para promover y fortalecer una cultura de paz con sentido integral, a trav\u00e9s de actividades educativas, de investigaci\u00f3n, formaci\u00f3n, me\u00addiaci\u00f3n y divulgaci\u00f3n, considerando todos los aspectos involucrados como son: derechos humanos, educaci\u00f3n, desarrollo econ\u00f3mico y social, equidad de g\u00e9nero, participaci\u00f3n democr\u00e1tica, cohesi\u00f3n so\u00adcial, tolerancia, solidaridad y seguridad.<\/p><p><span style=\"color: #bb047a;\"><strong>Objetivos:<\/strong><\/span><\/p><ol><li>Realizar actividades educativas, de investigaci\u00f3n, formaci\u00f3n, media\u00adci\u00f3n y divulgaci\u00f3n dirigidas a promover la construcci\u00f3n de una cultura de paz y el respeto a los derechos humanos.<\/li><li>Impulsar la creaci\u00f3n del Instituto para la Paz en Guerrero, que promue\u00adva la construcci\u00f3n de una cultura de paz en el estado.<\/li><li>Fortalecer sus propias capacidades institucionales para su correcto funcionamiento y la realizaci\u00f3n exitosa de las actividades se\u00f1aladas en el plan de trabajo.<\/li><\/ol><p>La Fundacio\u0301n tambi\u00e9n representa el a\u0301rea institucional establecida para convertirse en donataria autorizada y poder recibir donaciones, asi\u0301 como para participar en convocatorias y realizar procuracio\u0301n de recursos con diferentes instancias.<\/p><p><span style=\"color: #bb047a;\"><strong>Antecedentes<\/strong><\/span><\/p><p>Como parte de las acciones concretas propuestas en el tema de construccio\u0301n de paz, se dise\u00f1\u00f3 el proyecto para la creaci\u00f3n del Instituto de Paz en Guerrero, el cual esta\u0301 pensado como una entidad pu\u0301blica estatal con participacio\u0301n social para promover una cultura de paz, entendida de manera integral, no solamente como la ausencia de conflictos o violencias, sino como la existencia de condiciones para permitir el desarrollo digno y el ejercicio pleno de los derechos humanos de la sociedad en general.<\/p><p>Para impulsar la creacio\u0301n de este instituto, como primer paso se planteo\u0301 constituir una fundacio\u0301n que permita emprender acciones similares a las que se desarrollari\u0301an en el instituto.<\/p><p>La Fundaci\u00f3n fue creada a partir de la voluntad y participacio\u0301n de centros educativos y de investigacio\u0301n importantes en la regio\u0301n e integrantes de Guerrero es Primero: la Universidad Campesina del Sur, la Universidad Americana de Acapulco, la Universidad Loyola del Paci\u0301fico, el Instituto de Estudios Superiores para la Paz y el Desarrollo y el Centro de Investigacio\u0301n, Informacio\u0301n y Apoyo a la Cultura, A. C. \/ Centro Lindavista, por lo que cuenta con un respaldo institucional y social significativo.<\/p><p>Al surgir como parte de las acciones concretas propuestas por la iniciativa de Guerrero es Primero, la Fundacio\u0301n para la Paz en Guerrero, A. C. es una institucio\u0301n que construye alianzas en diferentes a\u0301mbitos en escalas local, regional y nacional; es resultado del consenso de ma\u0301s de 60 organizaciones y actores interesados en realizar acciones por la paz en Guerrero.<\/p><p><strong><span style=\"color: #bb047a;\">Para promover y constituir la fundaci\u00f3n, se consideraron varios aspectos:<\/span><\/strong><\/p><p>a) La urgente necesidad de promover una cultura de paz y cam\u00adbiar el lente o paradigma con el cual se atienden las violencias en Guerrero, es decir, ampliar el lente de la seguridad y de la legalidad hacia la perspectiva de construcci\u00f3n de paz y trans\u00adformaci\u00f3n de conflictos. Este enfoque es m\u00e1s amplio e integral. Un lente de construcci\u00f3n de paz comprende la necesidad de la transformaci\u00f3n del conflicto violento en relaciones restauradas y no violentas, es decir, de un proceso de transformaci\u00f3n social.<\/p><p>b) La intensidad y complejidad de las violencias que se viven hoy en Guerrero es producto de la conjugaci\u00f3n, a lo largo del tiempo, de diversos factores pol\u00edticos, sociales y econ\u00f3micos; por tanto, la b\u00fasqueda de alternativas y soluciones y la construcci\u00f3n de la paz ser\u00e1 igualmente compleja, habr\u00e1 de tocar las causas ra\u00edz de los conflictos y ser\u00e1 una realizaci\u00f3n de largo plazo. La necesidad de construir capacidades para la paz considerando la realidad de los actores locales, as\u00ed como contar con una infraestructura que permita dar soporte a estos procesos de transformaci\u00f3n social y construcci\u00f3n de cultura de paz.<\/p><p>c) La necesidad de construir capacidades para la paz considerando la realidad de los actores locales, as\u00ed como contar con una infraestructura que permita dar soporte a estos procesos de transformaci\u00f3n social y construcci\u00f3n de cultura de paz.<\/p>\t\t\t\t\t\t\t\t<\/div>\n\t\t\t\t<\/div>\n\t\t\t\t\t<\/div>\n\t\t<\/div>\n\t\t\t\t\t<\/div>\n\t\t<\/section>\n\t\t\t\t<section class=\"elementor-section elementor-top-section elementor-element elementor-element-534ab8c elementor-section-boxed elementor-section-height-default elementor-section-height-default\" data-id=\"534ab8c\" data-element_type=\"section\">\n\t\t\t\t\t\t<div class=\"elementor-container elementor-column-gap-default\">\n\t\t\t\t\t<div class=\"elementor-column elementor-col-100 elementor-top-column elementor-element elementor-element-9355110\" data-id=\"9355110\" data-element_type=\"column\">\n\t\t\t<div class=\"elementor-widget-wrap elementor-element-populated\">\n\t\t\t\t\t\t<div class=\"elementor-element elementor-element-917374a elementor-widget elementor-widget-text-editor\" data-id=\"917374a\" data-element_type=\"widget\" data-widget_type=\"text-editor.default\">\n\t\t\t\t<div class=\"elementor-widget-container\">\n\t\t\t\t\t\t\t\t\t<h4><strong><span style=\"color: #bb047a;\">Informe de actividades<\/span><\/strong><\/h4><h6><a href=\"http:\/\/guerreroesprimero.org.mx\/wp-content\/uploads\/2023\/04\/2017-Informe-de-Actividades-Fundacio\u0301n-para-la-Paz-en-Guerrero.pdf\">Informe de actividades 2017<\/a><\/h6><h6><a href=\"http:\/\/guerreroesprimero.org.mx\/wp-content\/uploads\/2023\/04\/2018-Informe-de-Actividades-Fundacio\u0301n-para-la-Paz-en-Guerrero.pdf\">Informe de actividades 2018<\/a><\/h6><h6><a href=\"http:\/\/guerreroesprimero.org.mx\/wp-content\/uploads\/2023\/04\/2019-Informe-de-Actividades-Fundacio\u0301n-para-la-Paz-en-Guerrero.pdf\">Informe de actividades 2019<\/a><\/h6><h6><a href=\"http:\/\/guerreroesprimero.org.mx\/wp-content\/uploads\/2023\/04\/2020-Informe-de-Actividades-Fundacio\u0301n-para-la-Paz-en-Guerrero.pdf\">Informe de actividades 2020<\/a><\/h6><h6><a href=\"http:\/\/guerreroesprimero.org.mx\/wp-content\/uploads\/2023\/04\/2021-Informe-de-Actividades-Fundacio\u0301n-para-la-Paz-en-Guerrero.pdf\">Informe de actividades 2021<\/a><\/h6><h6><a href=\"http:\/\/guerreroesprimero.org.mx\/wp-content\/uploads\/2023\/04\/2022-Informe-de-Actividades-Fundacio\u0301n-para-la-Paz-en-Guerrero.pdf\">Informe de actividades 2022<\/a><\/h6><h6><a href=\"http:\/\/guerreroesprimero.org.mx\/wp-content\/uploads\/2024\/03\/2023-Informe-de-Actividades-Fundacio%CC%81n-para-la-Paz-en-Guerrero.pdf\">Informe de actividades 2023<\/a><\/h6><h6><a href=\"http:\/\/guerreroesprimero.org.mx\/wp-content\/uploads\/2025\/02\/2024-Informe-de-Actividades-Fundacion-para-la-Paz-en-Guerrero.pdf\">Informe de actividades 2024<\/a><\/h6><h6><a href=\"http:\/\/guerreroesprimero.org.mx\/wp-content\/uploads\/2026\/01\/2025-Informe-de-Actividades-Fundacion-para-la-Paz-en-Guerrero.pdf\">Informe de actividades 2025<\/a><\/h6><h6>\u00a0<\/h6><h6>\u00a0<\/h6>\t\t\t\t\t\t\t\t<\/div>\n\t\t\t\t<\/div>\n\t\t\t\t\t<\/div>\n\t\t<\/div>\n\t\t\t\t\t<\/div>\n\t\t<\/section>\n\t\t\t\t<\/div>\n\t\t","protected":false},"excerpt":{"rendered":"<p>Fundaci\u00f3n para la Paz en Guerrero, A. C. Fue creada para promover y fortalecer una cultura de paz con sentido integral, a trav\u00e9s de actividades educativas, de investigaci\u00f3n, formaci\u00f3n, me\u00addiaci\u00f3n y divulgaci\u00f3n, considerando todos los aspectos involucrados como son: derechos humanos, educaci\u00f3n, desarrollo econ\u00f3mico y social, equidad de g\u00e9nero, participaci\u00f3n democr\u00e1tica, cohesi\u00f3n so\u00adcial, tolerancia, solidaridad [&hellip;]<\/p>\n","protected":false},"author":3,"featured_media":0,"parent":162,"menu_order":7,"comment_status":"closed","ping_status":"closed","template":"","meta":{"site-sidebar-layout":"no-sidebar","site-content-layout":"page-builder","ast-site-content-layout":"","site-content-style":"default","site-sidebar-style":"default","ast-global-header-display":"","ast-banner-title-visibility":"","ast-main-header-display":"","ast-hfb-above-header-display":"","ast-hfb-below-header-display":"","ast-hfb-mobile-header-display":"","site-post-title":"disabled","ast-breadcrumbs-content":"","ast-featured-img":"disabled","footer-sml-layout":"","theme-transparent-header-meta":"default","adv-header-id-meta":"","stick-header-meta":"","header-above-stick-meta":"","header-main-stick-meta":"","header-below-stick-meta":"","astra-migrate-meta-layouts":"default","ast-page-background-enabled":"default","ast-page-background-meta":{"desktop":{"background-color":"var(--ast-global-color-4)","background-image":"","background-repeat":"repeat","background-position":"center center","background-size":"auto","background-attachment":"scroll","background-type":"","background-media":"","overlay-type":"","overlay-color":"","overlay-opacity":"","overlay-gradient":""},"tablet":{"background-color":"","background-image":"","background-repeat":"repeat","background-position":"center center","background-size":"auto","background-attachment":"scroll","background-type":"","background-media":"","overlay-type":"","overlay-color":"","overlay-opacity":"","overlay-gradient":""},"mobile":{"background-color":"","background-image":"","background-repeat":"repeat","background-position":"center center","background-size":"auto","background-attachment":"scroll","background-type":"","background-media":"","overlay-type":"","overlay-color":"","overlay-opacity":"","overlay-gradient":""}},"ast-content-background-meta":{"desktop":{"background-color":"var(--ast-global-color-5)","background-image":"","background-repeat":"repeat","background-position":"center center","background-size":"auto","background-attachment":"scroll","background-type":"","background-media":"","overlay-type":"","overlay-color":"","overlay-opacity":"","overlay-gradient":""},"tablet":{"background-color":"var(--ast-global-color-5)","background-image":"","background-repeat":"repeat","background-position":"center center","background-size":"auto","background-attachment":"scroll","background-type":"","background-media":"","overlay-type":"","overlay-color":"","overlay-opacity":"","overlay-gradient":""},"mobile":{"background-color":"var(--ast-global-color-5)","background-image":"","background-repeat":"repeat","background-position":"center center","background-size":"auto","background-attachment":"scroll","background-type":"","background-media":"","overlay-type":"","overlay-color":"","overlay-opacity":"","overlay-gradient":""}},"footnotes":""},"class_list":["post-324","page","type-page","status-publish","hentry"],"_links":{"self":[{"href":"http:\/\/guerreroesprimero.org.mx\/index.php?rest_route=\/wp\/v2\/pages\/324","targetHints":{"allow":["GET"]}}],"collection":[{"href":"http:\/\/guerreroesprimero.org.mx\/index.php?rest_route=\/wp\/v2\/pages"}],"about":[{"href":"http:\/\/guerreroesprimero.org.mx\/index.php?rest_route=\/wp\/v2\/types\/page"}],"author":[{"embeddable":true,"href":"http:\/\/guerreroesprimero.org.mx\/index.php?rest_route=\/wp\/v2\/users\/3"}],"replies":[{"embeddable":true,"href":"http:\/\/guerreroesprimero.org.mx\/index.php?rest_route=%2Fwp%2Fv2%2Fcomments&post=324"}],"version-history":[{"count":27,"href":"http:\/\/guerreroesprimero.org.mx\/index.php?rest_route=\/wp\/v2\/pages\/324\/revisions"}],"predecessor-version":[{"id":1813,"href":"http:\/\/guerreroesprimero.org.mx\/index.php?rest_route=\/wp\/v2\/pages\/324\/revisions\/1813"}],"up":[{"embeddable":true,"href":"http:\/\/guerreroesprimero.org.mx\/index.php?rest_route=\/wp\/v2\/pages\/162"}],"wp:attachment":[{"href":"http:\/\/guerreroesprimero.org.mx\/index.php?rest_route=%2Fwp%2Fv2%2Fmedia&parent=324"}],"curies":[{"name":"wp","href":"https:\/\/api.w.org\/{rel}","templated":true}]}}

Fundación para la Paz

<div data-elementor-type="wp-page" data-elementor-id="324" class="elementor elementor-324" data-elementor-post-type="page">
						<section class="elementor-section elementor-top-section elementor-element elementor-element-8475539 elementor-section-boxed elementor-section-height-default elementor-section-height-default" data-id="8475539" data-element_type="section">
						<div class="elementor-container elementor-column-gap-default">
					<div class="elementor-column elementor-col-100 elementor-top-column elementor-element elementor-element-76fc7f7" data-id="76fc7f7" data-element_type="column">
			<div class="elementor-widget-wrap elementor-element-populated">
						<div class="elementor-element elementor-element-b586727 elementor-widget elementor-widget-text-editor" data-id="b586727" data-element_type="widget" data-widget_type="text-editor.default">
				<div class="elementor-widget-container">
									<h4 style="text-align: center;"><span style="color: #bb047a;" data-darkreader-inline-color=""><strong>Fundación para la Paz en Guerrero, A. C.</strong></span></h4>								</div>
				</div>
					</div>
		</div>
					</div>
		</section>
				<section class="elementor-section elementor-top-section elementor-element elementor-element-3cedd69 elementor-section-boxed elementor-section-height-default elementor-section-height-default" data-id="3cedd69" data-element_type="section">
						<div class="elementor-container elementor-column-gap-default">
					<div class="elementor-column elementor-col-100 elementor-top-column elementor-element elementor-element-8b76613" data-id="8b76613" data-element_type="column">
			<div class="elementor-widget-wrap elementor-element-populated">
						<div class="elementor-element elementor-element-8c04991 elementor-widget elementor-widget-text-editor" data-id="8c04991" data-element_type="widget" data-widget_type="text-editor.default">
				<div class="elementor-widget-container">
									<p>Fue creada para promover y fortalecer una cultura de paz con sentido integral, a través de actividades educativas, de investigación, formación, me­diación y divulgación, considerando todos los aspectos involucrados como son: derechos humanos, educación, desarrollo económico y social, equidad de género, participación democrática, cohesión so­cial, tolerancia, solidaridad y seguridad.</p><p><span style="color: #bb047a;"><strong>Objetivos:</strong></span></p><ol><li>Realizar actividades educativas, de investigación, formación, media­ción y divulgación dirigidas a promover la construcción de una cultura de paz y el respeto a los derechos humanos.</li><li>Impulsar la creación del Instituto para la Paz en Guerrero, que promue­va la construcción de una cultura de paz en el estado.</li><li>Fortalecer sus propias capacidades institucionales para su correcto funcionamiento y la realización exitosa de las actividades señaladas en el plan de trabajo.</li></ol><p>La Fundación también representa el área institucional establecida para convertirse en donataria autorizada y poder recibir donaciones, así como para participar en convocatorias y realizar procuración de recursos con diferentes instancias.</p><p><span style="color: #bb047a;"><strong>Antecedentes</strong></span></p><p>Como parte de las acciones concretas propuestas en el tema de construcción de paz, se diseñó el proyecto para la creación del Instituto de Paz en Guerrero, el cual está pensado como una entidad pública estatal con participación social para promover una cultura de paz, entendida de manera integral, no solamente como la ausencia de conflictos o violencias, sino como la existencia de condiciones para permitir el desarrollo digno y el ejercicio pleno de los derechos humanos de la sociedad en general.</p><p>Para impulsar la creación de este instituto, como primer paso se planteó constituir una fundación que permita emprender acciones similares a las que se desarrollarían en el instituto.</p><p>La Fundación fue creada a partir de la voluntad y participación de centros educativos y de investigación importantes en la región e integrantes de Guerrero es Primero: la Universidad Campesina del Sur, la Universidad Americana de Acapulco, la Universidad Loyola del Pacífico, el Instituto de Estudios Superiores para la Paz y el Desarrollo y el Centro de Investigación, Información y Apoyo a la Cultura, A. C. / Centro Lindavista, por lo que cuenta con un respaldo institucional y social significativo.</p><p>Al surgir como parte de las acciones concretas propuestas por la iniciativa de Guerrero es Primero, la Fundación para la Paz en Guerrero, A. C. es una institución que construye alianzas en diferentes ámbitos en escalas local, regional y nacional; es resultado del consenso de más de 60 organizaciones y actores interesados en realizar acciones por la paz en Guerrero.</p><p><strong><span style="color: #bb047a;">Para promover y constituir la fundación, se consideraron varios aspectos:</span></strong></p><p>a) La urgente necesidad de promover una cultura de paz y cam­biar el lente o paradigma con el cual se atienden las violencias en Guerrero, es decir, ampliar el lente de la seguridad y de la legalidad hacia la perspectiva de construcción de paz y trans­formación de conflictos. Este enfoque es más amplio e integral. Un lente de construcción de paz comprende la necesidad de la transformación del conflicto violento en relaciones restauradas y no violentas, es decir, de un proceso de transformación social.</p><p>b) La intensidad y complejidad de las violencias que se viven hoy en Guerrero es producto de la conjugación, a lo largo del tiempo, de diversos factores políticos, sociales y económicos; por tanto, la búsqueda de alternativas y soluciones y la construcción de la paz será igualmente compleja, habrá de tocar las causas raíz de los conflictos y será una realización de largo plazo. La necesidad de construir capacidades para la paz considerando la realidad de los actores locales, así como contar con una infraestructura que permita dar soporte a estos procesos de transformación social y construcción de cultura de paz.</p><p>c) La necesidad de construir capacidades para la paz considerando la realidad de los actores locales, así como contar con una infraestructura que permita dar soporte a estos procesos de transformación social y construcción de cultura de paz.</p>								</div>
				</div>
					</div>
		</div>
					</div>
		</section>
				<section class="elementor-section elementor-top-section elementor-element elementor-element-534ab8c elementor-section-boxed elementor-section-height-default elementor-section-height-default" data-id="534ab8c" data-element_type="section">
						<div class="elementor-container elementor-column-gap-default">
					<div class="elementor-column elementor-col-100 elementor-top-column elementor-element elementor-element-9355110" data-id="9355110" data-element_type="column">
			<div class="elementor-widget-wrap elementor-element-populated">
						<div class="elementor-element elementor-element-917374a elementor-widget elementor-widget-text-editor" data-id="917374a" data-element_type="widget" data-widget_type="text-editor.default">
				<div class="elementor-widget-container">
									<h4><strong><span style="color: #bb047a;">Informe de actividades</span></strong></h4><h6><a href="http://guerreroesprimero.org.mx/wp-content/uploads/2023/04/2017-Informe-de-Actividades-Fundación-para-la-Paz-en-Guerrero.pdf">Informe de actividades 2017</a></h6><h6><a href="http://guerreroesprimero.org.mx/wp-content/uploads/2023/04/2018-Informe-de-Actividades-Fundación-para-la-Paz-en-Guerrero.pdf">Informe de actividades 2018</a></h6><h6><a href="http://guerreroesprimero.org.mx/wp-content/uploads/2023/04/2019-Informe-de-Actividades-Fundación-para-la-Paz-en-Guerrero.pdf">Informe de actividades 2019</a></h6><h6><a href="http://guerreroesprimero.org.mx/wp-content/uploads/2023/04/2020-Informe-de-Actividades-Fundación-para-la-Paz-en-Guerrero.pdf">Informe de actividades 2020</a></h6><h6><a href="http://guerreroesprimero.org.mx/wp-content/uploads/2023/04/2021-Informe-de-Actividades-Fundación-para-la-Paz-en-Guerrero.pdf">Informe de actividades 2021</a></h6><h6><a href="http://guerreroesprimero.org.mx/wp-content/uploads/2023/04/2022-Informe-de-Actividades-Fundación-para-la-Paz-en-Guerrero.pdf">Informe de actividades 2022</a></h6><h6><a href="http://guerreroesprimero.org.mx/wp-content/uploads/2024/03/2023-Informe-de-Actividades-Fundacio%CC%81n-para-la-Paz-en-Guerrero.pdf">Informe de actividades 2023</a></h6><h6><a href="http://guerreroesprimero.org.mx/wp-content/uploads/2025/02/2024-Informe-de-Actividades-Fundacion-para-la-Paz-en-Guerrero.pdf">Informe de actividades 2024</a></h6><h6><a href="http://guerreroesprimero.org.mx/wp-content/uploads/2026/01/2025-Informe-de-Actividades-Fundacion-para-la-Paz-en-Guerrero.pdf">Informe de actividades 2025</a></h6><h6> </h6><h6> </h6>								</div>
				</div>
					</div>
		</div>
					</div>
		</section>
				</div>

<p>Fundación para la Paz en Guerrero, A. C. Fue creada para promover y fortalecer una cultura de paz con sentido integral, a través de actividades educativas, de investigación, formación, me­diación y divulgación, considerando todos los aspectos involucrados como son: derechos humanos, educación, desarrollo económico y social, equidad de género, participación democrática, cohesión so­cial, tolerancia, solidaridad [&hellip;]</p>
