{"id":205,"date":"2020-07-21T22:25:40","date_gmt":"2020-07-21T22:25:40","guid":{"rendered":"http:\/\/guerreroesprimero.org.mx\/?page_id=205"},"modified":"2025-03-26T19:14:25","modified_gmt":"2025-03-26T19:14:25","slug":"costa-grande-elementor","status":"publish","type":"page","link":"http:\/\/guerreroesprimero.org.mx\/?page_id=205","title":{"rendered":"Costa Grande"},"content":{"rendered":"\t\t<div data-elementor-type=\"wp-page\" data-elementor-id=\"205\" class=\"elementor elementor-205\" data-elementor-post-type=\"page\">\n\t\t\t\t\t\t<section class=\"elementor-section elementor-top-section elementor-element elementor-element-42fd098 elementor-section-boxed elementor-section-height-default elementor-section-height-default\" data-id=\"42fd098\" data-element_type=\"section\">\n\t\t\t\t\t\t<div class=\"elementor-container elementor-column-gap-default\">\n\t\t\t\t\t<div class=\"elementor-column elementor-col-100 elementor-top-column elementor-element elementor-element-a1bcc92\" data-id=\"a1bcc92\" data-element_type=\"column\">\n\t\t\t<div class=\"elementor-widget-wrap elementor-element-populated\">\n\t\t\t\t\t\t<div class=\"elementor-element elementor-element-f0be518 elementor-widget elementor-widget-text-editor\" data-id=\"f0be518\" data-element_type=\"widget\" data-widget_type=\"text-editor.default\">\n\t\t\t\t<div class=\"elementor-widget-container\">\n\t\t\t\t\t\t\t\t\t<h4 style=\"text-align: center;\"><span style=\"color: #bb047a; --darkreader-inline-color: #e8e6e3;\" data-darkreader-inline-color=\"\"><strong>Proyecto Integral en Costa Grande<\/strong><\/span><\/h4>\t\t\t\t\t\t\t\t<\/div>\n\t\t\t\t<\/div>\n\t\t\t\t\t<\/div>\n\t\t<\/div>\n\t\t\t\t\t<\/div>\n\t\t<\/section>\n\t\t\t\t<section class=\"elementor-section elementor-top-section elementor-element elementor-element-2bbe96b elementor-section-boxed elementor-section-height-default elementor-section-height-default\" data-id=\"2bbe96b\" data-element_type=\"section\">\n\t\t\t\t\t\t<div class=\"elementor-container elementor-column-gap-default\">\n\t\t\t\t\t<div class=\"elementor-column elementor-col-100 elementor-top-column elementor-element elementor-element-247ca01\" data-id=\"247ca01\" data-element_type=\"column\">\n\t\t\t<div class=\"elementor-widget-wrap elementor-element-populated\">\n\t\t\t\t\t\t<div class=\"elementor-element elementor-element-2892bf8 elementor--h-position-center elementor--v-position-middle elementor-arrows-position-inside elementor-pagination-position-inside elementor-widget elementor-widget-slides\" data-id=\"2892bf8\" data-element_type=\"widget\" data-settings=\"{&quot;navigation&quot;:&quot;both&quot;,&quot;autoplay&quot;:&quot;yes&quot;,&quot;pause_on_hover&quot;:&quot;yes&quot;,&quot;pause_on_interaction&quot;:&quot;yes&quot;,&quot;autoplay_speed&quot;:5000,&quot;infinite&quot;:&quot;yes&quot;,&quot;transition&quot;:&quot;slide&quot;,&quot;transition_speed&quot;:500}\" data-widget_type=\"slides.default\">\n\t\t\t\t<div class=\"elementor-widget-container\">\n\t\t\t\t\t\t\t\t\t<div class=\"elementor-swiper\">\n\t\t\t\t\t<div class=\"elementor-slides-wrapper elementor-main-swiper swiper\" role=\"region\" aria-roledescription=\"carousel\" aria-label=\"Slides\" dir=\"ltr\" data-animation=\"fadeInUp\">\n\t\t\t\t<div class=\"swiper-wrapper elementor-slides\">\n\t\t\t\t\t\t\t\t\t\t<div class=\"elementor-repeater-item-3ac1b1b swiper-slide\" role=\"group\" aria-roledescription=\"slide\"><div class=\"swiper-slide-bg\" role=\"img\"><\/div><div class=\"elementor-background-overlay\"><\/div><a class=\"swiper-slide-inner\" href=\"https:\/\/www.cndh.org.mx\/sites\/default\/files\/doc\/Recomendaciones\/2018\/Rec_2018_047.pdf\"><div class=\"swiper-slide-contents\"><div class=\"elementor-slide-heading\">Recomendaci\u00f3n 47\/2018<\/div><div class=\"elementor-slide-description\">Sobre el caso de las violaciones a los derechos humanos a un medio ambiente sano, al acceso al agua para consumo personal y dom\u00e9stico en forma salubre y aceptable, por la inadecuada disposici\u00f3n final de residuos s\u00f3lidos urbanos y de manejo especial, en agravio de quienes habitan y transitan en el municipio de Coyuca de Ben\u00edtez, Guerrero.<\/div><div  class=\"elementor-button elementor-slide-button elementor-size-sm\">Click Here<\/div><\/div><\/a><\/div><div class=\"elementor-repeater-item-3aaf605 swiper-slide\" role=\"group\" aria-roledescription=\"slide\"><div class=\"swiper-slide-bg\" role=\"img\"><\/div><div class=\"elementor-background-overlay\"><\/div><a class=\"swiper-slide-inner\" href=\"https:\/\/www.cndh.org.mx\/sites\/default\/files\/documentos\/2019-09\/Rec_2019_056.pdf\"><div class=\"swiper-slide-contents\"><div class=\"elementor-slide-heading\">Recomendaci\u00f3n 56\/2019<\/div><div class=\"elementor-slide-description\">Sobre el caso de las violaciones a los derechos humanos a un medio ambiente sano y al saneamiento del agua, por la contaminaci\u00f3n del R\u00edo Atoyac por descargas de aguas residuales municipales no controladas, y por la inadecuada gesti\u00f3n de los residuos s\u00f3lidos urbanos, en los municipios de Atoyac de \u00c1lvarez y Benito Ju\u00e1rez, Estado de Guerrero; en agravio de quienes habitan y transitan en dichas municipalidades.<\/div><div  class=\"elementor-button elementor-slide-button elementor-size-sm\">Click Here<\/div><\/div><\/a><\/div><div class=\"elementor-repeater-item-2599ae4 swiper-slide\" role=\"group\" aria-roledescription=\"slide\"><div class=\"swiper-slide-bg\" role=\"img\"><\/div><div class=\"elementor-background-overlay\"><\/div><a class=\"swiper-slide-inner\" href=\"https:\/\/www.cndh.org.mx\/sites\/default\/files\/documentos\/2020-12\/REC_2020_089.pdf\"><div class=\"swiper-slide-contents\"><div class=\"elementor-slide-heading\">Recomendaci\u00f3n 89\/2020<\/div><div class=\"elementor-slide-description\">Sobre el incumplimiento de la conciliaci\u00f3n respecto a la violaci\u00f3n al derecho humano a una vivienda adecuada, en agravio de las personas damnificadas del hurac\u00e1n \u201cINGRID\u201d y la tormenta tropical \u201cMANUEL\u201d, en la colonia \u201cEl Patenco\u201d en el Municipio de Coyuca de Ben\u00edtez, Guerrero.<\/div><div  class=\"elementor-button elementor-slide-button elementor-size-sm\">Click Here<\/div><\/div><\/a><\/div><div class=\"elementor-repeater-item-3ce24a1 swiper-slide\" role=\"group\" aria-roledescription=\"slide\"><div class=\"swiper-slide-bg\" role=\"img\"><\/div><div class=\"elementor-background-overlay\"><\/div><a class=\"swiper-slide-inner\" href=\"https:\/\/sursureste.org.mx\/residos\/simir_costagrandegro\/\"><div class=\"swiper-slide-contents\"><div class=\"elementor-slide-heading\">Proyectos y acciones derivadas de recomendaciones emitidas por la CNDH<\/div><div class=\"elementor-slide-description\">Proyecto de asistencia t\u00e9cnica para el dise\u00f1o y estructuraci\u00f3n de un organismo operador de alcance intermunicipal de manejo de residuos s\u00f3lidos en la regi\u00f3n de la costa Grande de Guerrero<\/div><div  class=\"elementor-button elementor-slide-button elementor-size-sm\">Click Here<\/div><\/div><\/a><\/div>\t\t\t\t<\/div>\n\t\t\t\t\t\t\t\t\t\t\t\t\t\t\t<div class=\"elementor-swiper-button elementor-swiper-button-prev\" role=\"button\" tabindex=\"0\" aria-label=\"Previous slide\">\n\t\t\t\t\t\t\t<i aria-hidden=\"true\" class=\"eicon-chevron-left\"><\/i>\t\t\t\t\t\t<\/div>\n\t\t\t\t\t\t<div class=\"elementor-swiper-button elementor-swiper-button-next\" role=\"button\" tabindex=\"0\" aria-label=\"Next slide\">\n\t\t\t\t\t\t\t<i aria-hidden=\"true\" class=\"eicon-chevron-right\"><\/i>\t\t\t\t\t\t<\/div>\n\t\t\t\t\t\t\t\t\t\t\t\t\t\t\t\t<div class=\"swiper-pagination\"><\/div>\n\t\t\t\t\t\t\t\t\t\t\t\t<\/div>\n\t\t\t\t<\/div>\n\t\t\t\t\t\t\t\t<\/div>\n\t\t\t\t<\/div>\n\t\t\t\t\t<\/div>\n\t\t<\/div>\n\t\t\t\t\t<\/div>\n\t\t<\/section>\n\t\t\t\t<section class=\"elementor-section elementor-top-section elementor-element elementor-element-04e8d68 elementor-section-boxed elementor-section-height-default elementor-section-height-default\" data-id=\"04e8d68\" data-element_type=\"section\">\n\t\t\t\t\t\t<div class=\"elementor-container elementor-column-gap-default\">\n\t\t\t\t\t<div class=\"elementor-column elementor-col-100 elementor-top-column elementor-element elementor-element-05c1d4c\" data-id=\"05c1d4c\" data-element_type=\"column\">\n\t\t\t<div class=\"elementor-widget-wrap elementor-element-populated\">\n\t\t\t\t\t\t<div class=\"elementor-element elementor-element-5df5a56 elementor-widget elementor-widget-text-editor\" data-id=\"5df5a56\" data-element_type=\"widget\" data-widget_type=\"text-editor.default\">\n\t\t\t\t<div class=\"elementor-widget-container\">\n\t\t\t\t\t\t\t\t\t<p><span style=\"color: #000000;\">En el marco de las iniciativas llevadas a cabo en Guerrero es Primero, dirigidas a implementar acciones que permitan enfrentar la grave y prolongada situaci\u00f3n de violencias y violaciones a los derechos humanos que se vive en nuestro pa\u00eds, se inici\u00f3 un proceso de di\u00e1logo en la regi\u00f3n de Costa Grande, con el objetivo de escuchar a la sociedad de la regi\u00f3n para construir alternativas ante dicha situaci\u00f3n.<\/span><\/p><p><span style=\"color: #000000;\">La Comisi\u00f3n Nacional de los Derechos Humanos (CNDH) y el Fideicomiso para el Desarrollo\u00a0 Regional del Sur Sureste (FIDESUR) fueron los encargados de sistematizar la informaci\u00f3n recogida y proponer una agenda de desarrollo que contemplara las necesidades planteadas y el contexto de la regi\u00f3n. Guerrero es Primero ser\u00eda el encargado de aglutinar a los actores sociales y el gobierno del estado aportar\u00eda sus conocimientos, planes estrategias e instrumentos de coordinaci\u00f3n.<\/span><\/p><p><span style=\"color: #000000;\">Actualmente el proceso consta de diversas acciones agrupadas en cuatro grandes temas:<\/span><\/p><ol><li><span style=\"color: #000000;\">La agenda de desarrollo planteada inicialmente.<\/span><\/li><li><span style=\"color: #000000;\">La atenci\u00f3n a un conjunto de casos de violaciones de derechos humanos colectivos.<\/span><\/li><li><span style=\"color: #000000;\">La elaboraci\u00f3n de un conjunto de indicadores iniciales de derechos humanos y pobreza, que sirvan de l\u00ednea base para el proceso.<\/span><\/li><li><span style=\"color: #000000;\">La realizaci\u00f3n de di\u00e1logos con diversos actores gubernamentales, en un inicio, con la Secretar\u00eda de Salud y Educaci\u00f3n, que pueden servir de modelo para los procesos en todos los sectores.<\/span><\/li><\/ol>\t\t\t\t\t\t\t\t<\/div>\n\t\t\t\t<\/div>\n\t\t\t\t\t<\/div>\n\t\t<\/div>\n\t\t\t\t\t<\/div>\n\t\t<\/section>\n\t\t\t\t<section class=\"elementor-section elementor-top-section elementor-element elementor-element-e45e7fa elementor-section-boxed elementor-section-height-default elementor-section-height-default\" data-id=\"e45e7fa\" data-element_type=\"section\">\n\t\t\t\t\t\t<div class=\"elementor-container elementor-column-gap-default\">\n\t\t\t\t\t<div class=\"elementor-column elementor-col-50 elementor-top-column elementor-element elementor-element-d9884ad\" data-id=\"d9884ad\" data-element_type=\"column\">\n\t\t\t<div class=\"elementor-widget-wrap elementor-element-populated\">\n\t\t\t\t\t\t<div class=\"elementor-element elementor-element-791087c elementor-widget elementor-widget-text-editor\" data-id=\"791087c\" data-element_type=\"widget\" data-widget_type=\"text-editor.default\">\n\t\t\t\t<div class=\"elementor-widget-container\">\n\t\t\t\t\t\t\t\t\t<h4 style=\"text-align: left;\"><span style=\"color: #bb047a; --darkreader-inline-color: #e8e6e3;\" data-darkreader-inline-color=\"\"><strong>Documentos de Consulta<\/strong><\/span><\/h4>\t\t\t\t\t\t\t\t<\/div>\n\t\t\t\t<\/div>\n\t\t\t\t\t<\/div>\n\t\t<\/div>\n\t\t\t\t<div class=\"elementor-column elementor-col-50 elementor-top-column elementor-element elementor-element-b72c1c3\" data-id=\"b72c1c3\" data-element_type=\"column\">\n\t\t\t<div class=\"elementor-widget-wrap\">\n\t\t\t\t\t\t\t<\/div>\n\t\t<\/div>\n\t\t\t\t\t<\/div>\n\t\t<\/section>\n\t\t\t\t<section class=\"elementor-section elementor-top-section elementor-element elementor-element-5a10994 elementor-section-boxed elementor-section-height-default elementor-section-height-default\" data-id=\"5a10994\" data-element_type=\"section\">\n\t\t\t\t\t\t<div class=\"elementor-container elementor-column-gap-default\">\n\t\t\t\t\t<div class=\"elementor-column elementor-col-100 elementor-top-column elementor-element elementor-element-f4f6546\" data-id=\"f4f6546\" data-element_type=\"column\">\n\t\t\t<div class=\"elementor-widget-wrap elementor-element-populated\">\n\t\t\t\t\t\t<div class=\"elementor-element elementor-element-78a5446 elementor-widget elementor-widget-text-editor\" data-id=\"78a5446\" data-element_type=\"widget\" data-widget_type=\"text-editor.default\">\n\t\t\t\t<div class=\"elementor-widget-container\">\n\t\t\t\t\t\t\t\t\t<p><span style=\"color: #bb047a;\"><strong>Agenda de Desarrollo Productivo<\/strong><\/span><\/p><h6 style=\"text-align: justify;\"><a href=\"http:\/\/guerreroesprimero.org.mx\/wp-content\/uploads\/2020\/09\/Agenda-Desarrollo-productivo-Costa-Grande-Gro-Abr-2017.pdf\">Agenda Desarrollo productivo\u00a0<\/a><\/h6><h6 style=\"text-align: justify;\"><a href=\"http:\/\/guerreroesprimero.org.mx\/wp-content\/uploads\/2020\/09\/Informe-talleres-DESCA-y-Desarrollo-Productivo-5-6042018-1.pdf\">Informe talleres DESCA y Desarrollo Productivo<\/a><\/h6><h6 style=\"text-align: justify;\"><a href=\"http:\/\/guerreroesprimero.org.mx\/wp-content\/uploads\/2020\/09\/Memoria-Taller-zonas-cafetaleras-Costa-Grande-5-6042017.pdf\">Memoria Taller zonas cafetaleras Costa Grande<\/a><\/h6><h6 style=\"text-align: justify;\"><a href=\"http:\/\/guerreroesprimero.org.mx\/wp-content\/uploads\/2020\/09\/Proceso-de-trabajo-en-Costa-Grande-para-propuestas-.pdf\">Proceso de trabajo en Costa Grande para propuestas<\/a><\/h6><h6>\u00a0<\/h6><h4><span style=\"color: #bb047a;\"><strong style=\"font-size: 1rem;\">Di\u00e1logo estrat\u00e9gico en Costa Grande<\/strong><\/span><\/h4><h6 style=\"text-align: justify;\"><a href=\"http:\/\/guerreroesprimero.org.mx\/wp-content\/uploads\/2020\/09\/Di\u00e1logo-estrat\u00e9gico-en-Costa-Grande.pdf\">Di\u00e1logo estrat\u00e9gico en Costa Grande<\/a><\/h6><h6>\u00a0<\/h6><h4><span style=\"color: #bb047a;\"><strong style=\"font-size: 1rem;\">Estudio sobre pobreza y derechos humanos en la Costa Grande<\/strong><\/span><\/h4><h6 style=\"text-align: justify;\"><a href=\"http:\/\/guerreroesprimero.org.mx\/wp-content\/uploads\/2020\/09\/Anexo-1.-Pobreza-y-Derechos-Humanos-en-Guerrero.pdf\">Anexo 1. Pobreza y Derechos Humanos en Guerrero<\/a><\/h6><h6 style=\"text-align: justify;\"><a href=\"http:\/\/guerreroesprimero.org.mx\/wp-content\/uploads\/2020\/09\/Minuta-Informe-pobreza-y-DDHH-en-Costa-Grande-31102017.pdf\">Minuta del Informe pobreza y DDHH en Costa Grande\u00a0<\/a><\/h6><h6>\u00a0<\/h6><p><span style=\"color: #bb047a;\"><strong>S\u00edntesis del proceso en Costa Grande<\/strong><\/span><\/p><h6 style=\"text-align: justify;\"><a href=\"http:\/\/guerreroesprimero.org.mx\/wp-content\/uploads\/2020\/09\/6-cuartillas-S\u00edntesis-Proceso-Costa-Grande.docx\">S\u00edntesis Proceso Costa Grande<\/a><\/h6><h6>\u00a0<\/h6><p><span style=\"color: #bb047a;\"><strong>Reuni\u00f3n en Subsecretar\u00eda Participaci\u00f3n Ciudadana<\/strong><\/span><\/p><h6 style=\"text-align: justify;\"><a href=\"http:\/\/guerreroesprimero.org.mx\/wp-content\/uploads\/2020\/09\/Minuta-Reuni\u00f3n-CNDH-SPPC-Guerrero-es-Primero-23052018.pdf\">Minuta Reuni\u00f3n CNDH-SPPC-Guerrero es Primero\u00a0<\/a><\/h6><h6 style=\"text-align: justify;\"><a href=\"http:\/\/guerreroesprimero.org.mx\/wp-content\/uploads\/2020\/09\/Proyectos-Guerrero-es-Primero.pdf\">Proyectos Guerrero es Primero<\/a><\/h6><h6>\u00a0<\/h6><p><span style=\"color: #bb047a;\"><strong>Trabajo colaborativo con Centro Geo<\/strong><\/span><\/p><h6 style=\"text-align: justify;\"><a href=\"http:\/\/guerreroesprimero.org.mx\/wp-content\/uploads\/2020\/09\/Di\u00e1logo-estrat\u00e9gico-y-producci\u00f3n-colaborativa-de-conocimientos_AF_PAC_Fase-I.pdf\">Di\u00e1logo estrat\u00e9gico y producci\u00f3n colaborativa de conocimientos<\/a><\/h6><h6 style=\"text-align: justify;\"><a href=\"http:\/\/guerreroesprimero.org.mx\/wp-content\/uploads\/2020\/09\/Ficha-t\u00e9cnica-talleres-Costa-Grande-G1.pdf\">Ficha t\u00e9cnica talleres Costa Grande<\/a><\/h6><h6 style=\"text-align: justify;\"><a href=\"http:\/\/guerreroesprimero.org.mx\/wp-content\/uploads\/2020\/09\/Minuta-Atoyac-de-\u00c1lvarez-08052018.pdf\">Minuta Atoyac de \u00c1lvarez<\/a><\/h6><h6 style=\"text-align: justify;\"><a href=\"http:\/\/guerreroesprimero.org.mx\/wp-content\/uploads\/2020\/09\/Minuta-Taller-Coyuca-de-Ben\u00edtez-09052018.pdf\">Minuta Taller Coyuca de Ben\u00edtez<\/a><\/h6><h6 style=\"text-align: justify;\"><a href=\"http:\/\/guerreroesprimero.org.mx\/wp-content\/uploads\/2020\/09\/Reuni\u00f3n-G1-Centro-Geo-21032018.pdf\">Reuni\u00f3n G1-Centro Geo<\/a><\/h6><h6>\u00a0<\/h6><p><span style=\"color: #bb047a;\"><strong>Seguimiento a quejas de violaciones a derechos humanos en la regi\u00f3n<\/strong><\/span><\/p><h6 style=\"text-align: justify;\"><a href=\"http:\/\/guerreroesprimero.org.mx\/wp-content\/uploads\/2020\/09\/Panorama-de-inseguridad-Costa-Grande.docx\">Panorama de inseguridad Costa Grande<\/a><\/h6><h6 style=\"text-align: justify;\"><a href=\"http:\/\/guerreroesprimero.org.mx\/wp-content\/uploads\/2020\/09\/PROPUE1.pdf\">Propuestas de intervenci\u00f3n para solucionar 8 casos de violaciones de derechos humanos colectivos en la Costa Grande<\/a><\/h6><h6>\u00a0<\/h6><p><span style=\"color: #bb047a;\"><b>Concientizaci\u00f3n ambiental\u00a0<\/b><\/span><\/p><h6><a href=\"http:\/\/guerreroesprimero.org.mx\/wp-content\/uploads\/2023\/01\/Concientizacio\u0301n-ambiental-Versio\u0301n-redes-sociales.mp4\">Video de concientizaci\u00f3n ambiental<\/a><\/h6><h6 style=\"text-align: justify;\"><a href=\"http:\/\/guerreroesprimero.org.mx\/wp-content\/uploads\/2023\/01\/WhatsApp-Video-2022-12-08-at-19.03.16.mp4\">Video Participaci\u00f3n comunitaria en el ejercicio y defensa del derecho humano a un medio ambiente sano<\/a><\/h6>\t\t\t\t\t\t\t\t<\/div>\n\t\t\t\t<\/div>\n\t\t\t\t\t<\/div>\n\t\t<\/div>\n\t\t\t\t\t<\/div>\n\t\t<\/section>\n\t\t\t\t<\/div>\n\t\t","protected":false},"excerpt":{"rendered":"<p>Proyecto Integral en Costa Grande Recomendaci\u00f3n 47\/2018Sobre el caso de las violaciones a los derechos humanos a un medio ambiente sano, al acceso al agua para consumo personal y dom\u00e9stico en forma salubre y aceptable, por la inadecuada disposici\u00f3n final de residuos s\u00f3lidos urbanos y de manejo especial, en agravio de quienes habitan y transitan [&hellip;]<\/p>\n","protected":false},"author":3,"featured_media":0,"parent":162,"menu_order":2,"comment_status":"closed","ping_status":"closed","template":"","meta":{"site-sidebar-layout":"no-sidebar","site-content-layout":"page-builder","ast-site-content-layout":"","site-content-style":"default","site-sidebar-style":"default","ast-global-header-display":"","ast-banner-title-visibility":"","ast-main-header-display":"","ast-hfb-above-header-display":"","ast-hfb-below-header-display":"","ast-hfb-mobile-header-display":"","site-post-title":"disabled","ast-breadcrumbs-content":"","ast-featured-img":"disabled","footer-sml-layout":"","theme-transparent-header-meta":"default","adv-header-id-meta":"","stick-header-meta":"","header-above-stick-meta":"","header-main-stick-meta":"","header-below-stick-meta":"","astra-migrate-meta-layouts":"default","ast-page-background-enabled":"default","ast-page-background-meta":{"desktop":{"background-color":"var(--ast-global-color-4)","background-image":"","background-repeat":"repeat","background-position":"center center","background-size":"auto","background-attachment":"scroll","background-type":"","background-media":"","overlay-type":"","overlay-color":"","overlay-opacity":"","overlay-gradient":""},"tablet":{"background-color":"","background-image":"","background-repeat":"repeat","background-position":"center center","background-size":"auto","background-attachment":"scroll","background-type":"","background-media":"","overlay-type":"","overlay-color":"","overlay-opacity":"","overlay-gradient":""},"mobile":{"background-color":"","background-image":"","background-repeat":"repeat","background-position":"center center","background-size":"auto","background-attachment":"scroll","background-type":"","background-media":"","overlay-type":"","overlay-color":"","overlay-opacity":"","overlay-gradient":""}},"ast-content-background-meta":{"desktop":{"background-color":"var(--ast-global-color-5)","background-image":"","background-repeat":"repeat","background-position":"center center","background-size":"auto","background-attachment":"scroll","background-type":"","background-media":"","overlay-type":"","overlay-color":"","overlay-opacity":"","overlay-gradient":""},"tablet":{"background-color":"var(--ast-global-color-5)","background-image":"","background-repeat":"repeat","background-position":"center center","background-size":"auto","background-attachment":"scroll","background-type":"","background-media":"","overlay-type":"","overlay-color":"","overlay-opacity":"","overlay-gradient":""},"mobile":{"background-color":"var(--ast-global-color-5)","background-image":"","background-repeat":"repeat","background-position":"center center","background-size":"auto","background-attachment":"scroll","background-type":"","background-media":"","overlay-type":"","overlay-color":"","overlay-opacity":"","overlay-gradient":""}},"footnotes":""},"class_list":["post-205","page","type-page","status-publish","hentry"],"_links":{"self":[{"href":"http:\/\/guerreroesprimero.org.mx\/index.php?rest_route=\/wp\/v2\/pages\/205","targetHints":{"allow":["GET"]}}],"collection":[{"href":"http:\/\/guerreroesprimero.org.mx\/index.php?rest_route=\/wp\/v2\/pages"}],"about":[{"href":"http:\/\/guerreroesprimero.org.mx\/index.php?rest_route=\/wp\/v2\/types\/page"}],"author":[{"embeddable":true,"href":"http:\/\/guerreroesprimero.org.mx\/index.php?rest_route=\/wp\/v2\/users\/3"}],"replies":[{"embeddable":true,"href":"http:\/\/guerreroesprimero.org.mx\/index.php?rest_route=%2Fwp%2Fv2%2Fcomments&post=205"}],"version-history":[{"count":50,"href":"http:\/\/guerreroesprimero.org.mx\/index.php?rest_route=\/wp\/v2\/pages\/205\/revisions"}],"predecessor-version":[{"id":1710,"href":"http:\/\/guerreroesprimero.org.mx\/index.php?rest_route=\/wp\/v2\/pages\/205\/revisions\/1710"}],"up":[{"embeddable":true,"href":"http:\/\/guerreroesprimero.org.mx\/index.php?rest_route=\/wp\/v2\/pages\/162"}],"wp:attachment":[{"href":"http:\/\/guerreroesprimero.org.mx\/index.php?rest_route=%2Fwp%2Fv2%2Fmedia&parent=205"}],"curies":[{"name":"wp","href":"https:\/\/api.w.org\/{rel}","templated":true}]}}